).
1
Suppose v + 4 = u + u, 5*u - 10 = 3*v. Let f(a) = a**2 - 3. Determine f(v).
-3
Let v(h) be the second derivative of h**3/2 - 2*h**2 + 7*h. Determine v(-5).
-19
Let g(c) = -c**3 + 6*c**2 + c - 4. Let n be g(6). Let q(v) = -3 - v + n*v - 5 + 2. Determine q(6).
0
Let b(l) = 11*l**2 + 13*l + 13. Let i(g) = 20*g**2 + 25*g + 26. Let n(d) = -11*b(d) + 6*i(d). Give n(9).
-5
Let l(n) = -2*n**2 + 3*n. Suppose -2*s - 12 + 10 = -3*t, 0 = -s + 4*t - 6. Give l(s).
-2
Let m(k) be the second derivative of 1/2*k**2 - 1/3*k**3 + 7/12*k**4 + 0 - 2*k. What is m(1)?
6
Let u(s) = -s**2 + 71*s**3 + s**2 - 70*s**3 - 2*s - 1. Calculate u(-1).
0
Suppose 2*s - 2*h - 15 = -5*h, 0 = -5*s - 2*h + 10. Let i(g) = g + 2. Give i(s).
2
Let q(d) be the first derivative of 3 + 1/3*d**3 - 1/2*d**2 + 9*d - 1/4*d**4. Calculate q(0).
9
Let w(z) = 17*z**2 - 2*z + 2. Let f(c) = 8*c**2 - c + 1. Let x(b) = -9*f(b) + 4*w(b). Give x(3).
-34
Suppose 0 = -4*h - 0*h + 4. Let q(x) = 5*x - 12*x**2 + 0 + 13*x**2 - h. Determine q(-5).
-1
Let a(r) = r**2 + 7*r - 4. Let i(o) = 2*o**2 + 13*o - 7. Let q = -1 + 4. Let z(y) = q*i(y) - 5*a(y). Determine z(-2).
-5
Let m(z) = 10*z**2 - 4*z + 3. Let l = 4 + -2. Let x(u) = -u + 1 + 4*u**l - 4*u**2 + 3*u**2. Let s(t) = -2*m(t) + 7*x(t). What is s(2)?
7
Let f(v) be the third derivative of 4*v**2 + 1/24*v**4 + 0*v + 0 + 4/3*v**3. What is f(0)?
8
Let t(c) = -c + 5. Let s = 5 - -2. Suppose s + 16 = 5*z + w, 0 = -4*w + 12. What is t(z)?
1
Let z(d) = d - 2. Let q(n) = -2*n + 4. Let v(l) = -3*q(l) - 7*z(l). Determine v(4).
-2
Let u(f) = 4 - 6 - 5 - 1 - 3*f. Give u(-7).
13
Let d(u) = -20*u. Let z(b) = 9*b - 8. Let n be z(1). Determine d(n).
-20
Let n = 18 + -13. Suppose -z + 2 = d - n*z, 0 = 4*d + 3*z - 27. Let k(f) = f**2 - 7*f**2 + 0 - 5 + 2*f + f**3. What is k(d)?
7
Let u(f) = -f**2 + 5*f + 2. Let c(z) = -z**2 - 7*z - 5. Let w(m) = -m**2 - 4*m - 5. Let k be w(-4). Let g be c(k). What is u(g)?
2
Let v(j) = 5*j**3 - 3*j**2 + 10*j - 4. Let y(l) = 2*l**3 - l**2 + 5*l - 2. Let c(b) = 3*v(b) - 7*y(b). Determine c(4).
14
Suppose 4*t + 4*t = 24. Let o(s) = -5*s**3 + 2*s**2 + 3*s - 8. Let f(i) = 4*i**3 - 2*i**2 - 3*i + 7. Let a(m) = -4*f(m) - 3*o(m). Calculate a(t).
-4
Let p(f) be the second derivative of -f**5/20 + f**4/4 - f**3/6 + f**2 + 36*f. Determine p(3).
-1
Let l(y) = -2*y + y**2 + 1 + 5*y + 0*y. Give l(-4).
5
Let h(z) = -z**2 - 5*z + 7. Let u(m) = -m**2 - 3*m + 6. Let c(k) = 4*h(k) - 5*u(k). Calculate c(4).
-6
Let b(n) = -n**2 - 4*n + 1. Let v = -98 - -93. Calculate b(v).
-4
Let t be (-3)/6*(-1 + 1). Let i = -2 + t. Let c(v) = v**2 - v. Let g(j) = -7*j**2 + 2*j - 2. Let w(z) = 5*c(z) + g(z). What is w(i)?
-4
Let w = 31 - 38. Let h(r) = -r - 7. Calculate h(w).
0
Let b be -3 + 4/(-12)*-3. Let g(f) = 22*f + 2. Let i(w) = 11*w + 1. Let u(n) = b*g(n) + 5*i(n). Give u(-1).
-10
Let i(f) = 15 + 11 + f**2 - 32. Determine i(5).
19
Let a(f) be the first derivative of -f**4/4 - 2*f**3 + 7*f**2/2 - 2*f + 11. What is a(-7)?
-2
Let i be (-1)/(2/(-10) + 0). Suppose -i*u = -p + 28, 4*u = -5*p + 3*u + 10. Let f = -6 + p. Let s(v) = v**2 + 2*v. What is s(f)?
3
Let g(w) = -3 + 4 - 4 - 4*w + 2. Determine g(1).
-5
Let p(d) = 2*d**3 - d**2 - 3*d + 3. Let m be p(2). Let l(h) = 3*h. Let q(x) = 13*x. Let t(u) = m*l(u) - 2*q(u). Give t(-1).
-1
Let l(f) be the first derivative of f**2/2 - 4*f + 2. What is l(9)?
5
Let k(o) = -o + 4. Let y be (8/(-10))/((-2)/(-10)). Let d = -6 - -12. Let g = y + d. Calculate k(g).
2
Let n(w) be the second derivative of 2*w**5/5 + w**4/12 - w**3/6 + w**2/2 + 3*w. Calculate n(1).
9
Let q(c) = 2*c**2 + 2*c - 1. Let v(w) = -2*w + 1. Let y be v(-3). Suppose -4*t - 3 = -y. What is q(t)?
3
Let m(i) = i**2 - 1. Suppose -4*f + f + 4*w = 19, w = 3*f + 7. Give m(f).
0
Let l(k) be the second derivative of -k**5/20 - 5*k**4/12 + 2*k**3/3 + k**2 + 5*k - 6. Give l(-6).
14
Let w(c) be the third derivative of -c**6/40 + c**5/20 - c**4/24 + c**3/3 - 2*c**2. Let z = 4 + -2. Give w(z).
-12
Let b(u) be the second derivative of -1/6*u**3 - 3*u + 0 + 1/12*u**4 - u**2. Let s be b(0). Let q(i) = i**2 + 2*i - 1. What is q(s)?
-1
Let x(c) be the third derivative of -c**6/120 + c**5/10 - c**3 - 8*c**2. Determine x(6).
-6
Suppose 2*b - 6*b + 18 = -s, 0 = -4*s - 2*b - 18. Let z(y) = 0*y**2 + 2 + y + y**2 + 5*y. Give z(s).
2
Let t(i) = 4*i - i + i + 3. Give t(-4).
-13
Let z(v) = v - 1. Let d be ((-16)/(-12))/(2/(-6)). Suppose 0 = f - 2*h - 11, 22 = 4*f - 4*h - 14. Let b = f + d. Give z(b).
2
Let v = 13 + -24. Let o = 1 - v. Let y be (-2 + o/5)*-5. Let i(g) = 4*g + 3. Calculate i(y).
-5
Let z(l) be the second derivative of -l**3/2 - l**2 - 6*l. Calculate z(2).
-8
Let j(a) be the first derivative of -2 + a**2 - 1/3*a**3 + 0*a + 1/60*a**5 - 1/12*a**4. Let q(g) be the second derivative of j(g). Give q(-2).
6
Let d(a) be the second derivative of 17*a**4/12 - a**2/2 - 17*a. What is d(-1)?
16
Let z(c) = -c**3 + 2*c**2 + 3*c + 2. Let a be z(3). Let g(s) = 0*s**a + s + 4*s**3 + 2*s**2 + 1 - 2*s**3. Let i be (-35)/7 + (2 - -1). Determine g(i).
-9
Let w be 18/(-24) + 14/8. Let m be w + -2 + 3 + 1. Let u(l) = l**2 - l - 4. Calculate u(m).
2
Let u(r) = r + 5. Let t(v) = -16*v + 5. Let m be t(-8). Let n be m/(-35) - 2/10. What is u(n)?
1
Suppose -4*a - 1 = -21. Let m(h) be the first derivative of -h**3/3 + 5*h**2/2 + 6*h - 9. Calculate m(a).
6
Suppose -3*d - l - 3 = 0, 0 = -5*d - 2*l + 6*l + 12. Let b(c) = c - 7. Let x be b(d). Let f = x + 10. Let w(h) = h**3 - 2*h**2 - 4*h + 3. What is w(f)?
0
Let o(b) be the third derivative of 0*b + 1/3*b**3 + 0 - b**2 + 1/24*b**4. Calculate o(3).
5
Let c = 5 + 1. Let w(u) be the second derivative of u**5/20 - u**4/2 + u**3/3 - 7*u**2/2 + 40*u. What is w(c)?
5
Let p(a) = 9*a**2 + 7*a + 7*a - 2*a - 13*a. Let u(w) = w**3 - 7*w**2 + 5*w + 5. Let r be u(6). Give p(r).
10
Let m(v) = -6*v**2 + 3*v + 11. Let o(s) = -3*s**2 + 2*s + 6. Let d(c) = 3*m(c) - 5*o(c). Let w(u) be the first derivative of d(u). Give w(1).
-7
Let r be 54/(-66) + 2/(-11). Let y(n) = 7*n - 1. What is y(r)?
-8
Let m(o) = -7*o**3 - 14*o**2 + 2*o - 7. Let i(g) = 3*g**3 + 7*g**2 - g + 4. Let z(t) = 9*i(t) + 4*m(t). Calculate z(7).
1
Let w(c) be the first derivative of c**5/15 - c**4/24 + 5*c**3/3 - 4. Let n(b) be the third derivative of w(b). What is n(-1)?
-9
Let o(u) = -3 + 3*u + u - 6*u. Suppose 5*j - 14 = -24. Calculate o(j).
1
Let u(v) = -3*v**2 - 13*v - 11. Let j(l) = -l**2 - l - 1. Let z(d) = -4*j(d) + u(d). Determine z(7).
-21
Suppose 5*o - 15 + 45 = 4*n, -5*n + 17 = 4*o. Let l(g) = g**2 - g - 1. Let c(h) = 3*h**2 - 4*h - 3. Let z(y) = -c(y) + 4*l(y). Calculate z(o).
3
Let j(l) be the first derivative of l**5/20 - l**4/3 - l**3 - l**2/2 - l + 1. Let x(t) be the first derivative of j(t). Calculate x(5).
-6
Let i be 34/(-9) + (-4)/18. Let j be (i/(-4))/(2/6). Suppose -4*u = 4*g - 4, 2*u + j = -4*g - 1. Let t(w) = -w**2 - 7*w - 1. Calculate t(g).
11
Suppose 2*v + 2*v + 4*x + 24 = 0, 2 = -2*x. Let a(q) = q**3 + 6*q**2 + 7*q + 4. What is a(v)?
-6
Let l(w) = 2 + 0*w - 3*w - 4 + 0 + 5*w**2 - w**3. Calculate l(4).
2
Let v(x) = 11*x + 2. Let m(u) = 5*u + 1. Let j(r) = -13*m(r) + 6*v(r). Suppose 0 = -q - 3. Determine j(q).
-4
Let t(g) = -g. Let a(z) = -z**2 - z + 3. Let m(f) = -a(f) + 2*t(f). What is m(0)?
-3
Let q(b) = -b**3 + 8*b**2 - 7*b - 3. Let d be q(7). Let n(a) = -1 - 3 + 9 + 2*a - 1. Give n(d).
-2
Let z(b) = -6*b**3 - 5*b - 2. Let g(i) = 5*i**3 + 4*i + 2. Let y(o) = -5*g(o) - 4*z(o). Determine y(0).
-2
Let u = -9 - -13. Let i(c) = -u*c - 1 - c + 4*c. Give i(2).
-3
Let j(o) be the second derivative of 1/3*o**3 - 3*o + 0 + 0*o**2. Give j(2).
4
Suppose -q + 5*q + 2*d = 16, -3*q + 7 = -d. Suppose -2 + 8 = -q*g. Let l(p) = -p**3 - 2*p**2 + 3*p + 1. Let r be l(g). Let a(k) = -k + 1. Give a(r).
6
Let q(m) = -m**2 - 5*m + 7. Let d be q(-6). Let t(i) be the first derivative of -5*i**4/4 + i**3/3 - 1. Determine t(d).
-4
Let c(b) be the third derivative of 0*b**3 + 0 - 1/720*b**6 - b**2 + 0*b**5 + 0*b - 1/24*b**4. Let u(g) be the second derivative of c(g). Calculate u(1).
-1
Let g(r) be the first derivative of -2*r**3/3 - r**2/2 - 13*r - 1. Let s(x) = 3*x**2 + 2*x + 19. Let m(j) = -7*g(j) - 5*s(j). What is m(-4)?
-8
Let a(n) = 40*n - 15 - 69*n - 6 + 30*n. Calculate a(0).
-21
Let h(d) = -2*d**3 + 3*d*